1009 is divided by 721.
713
Calculate the remainder when 57044 is divided by 106.
16
Calculate the remainder when 2372837 is divided by 5531.
38
What is the remainder when 1089818 is divided by 60?
38
Calculate the remainder when 17980 is divided by 5294.
2098
Calculate the remainder when 83448909 is divided by 4218.
4215
What is the remainder when 18495082 is divided by 192657?
10
Calculate the remainder when 24154513 is divided by 8332.
45
What is the remainder when 600038 is divided by 1405?
103
Calculate the remainder when 15444 is divided by 2241.
1998
Calculate the remainder when 3460464 is divided by 741.
735
Calculate the remainder when 19040248 is divided by 3975.
3973
What is the remainder when 178967 is divided by 89401?
165
What is the remainder when 92486104 is divided by 65?
9
What is the remainder when 22382652 is divided by 208?
188
Calculate the remainder when 1695431 is divided by 67816.
31
What is the remainder when 58725117 is divided by 19575038?
3
What is the remainder when 714641 is divided by 1942?
1927
What is the remainder when 3093646 is divided by 12276?
94
What is the remainder when 7341320 is divided by 804?
800
What is the remainder when 28404 is divided by 7093?
32
Calculate the remainder when 3794948 is divided by 1814.
60
What is the remainder when 115429 is divided by 809?
551
What is the remainder when 16680067 is divided by 45?
7
Calculate the remainder when 7383720 is divided by 738371.
10
What is the remainder when 139420713 is divided by 1040453?
11
Calculate the remainder when 205052 is divided by 25626.
44
What is the remainder when 42556621 is divided by 149?
135
What is the remainder when 3142483 is divided by 1255?
1218
What is the remainder when 21245760 is divided by 18?
0
Calculate the remainder when 24980 is divided by 22580.
2400
What is the remainder when 4206245 is divided by 600882?
71
Calculate the remainder when 2521651 is divided by 13342.
13
Calculate the remainder when 1302663 is divided by 28.
19
Calculate the remainder when 8723310 is divided by 8723304.
6
What is the remainder when 696646 is divided by 465?
76
What is the remainder when 1767394 is divided by 51982?
6
What is the remainder when 5158669 is divided by 4150?
219
What is the remainder when 300906 is divided by 131?
130
What is the remainder when 44581 is divided by 3416?
173
What is the remainder when 98606 is divided by 967?
939
Calculate the remainder when 2601258 is divided by 650312.
10
Calculate the remainder when 367955 is divided by 6053.
4775
What is the remainder when 118036 is divided by 361?
350
Calculate the remainder when 22121261 is divided by 74.
71
Calculate the remainder when 104640 is divided by 16673.
4602
What is the remainder when 1888470 is divided by 14199?
3
Calculate the remainder when 5465961 is divided by 12682.
19
What is the remainder when 197782 is divided by 197657?
125
Calculate the remainder when 43650 is divided by 521.
407
Calculate the remainder when 32852674 is divided by 4106580.
34
What is the remainder when 565726 is divided by 1704?
1702
What is the remainder when 453525 is divided by 783?
168
Calculate the remainder when 210350399 is divided by 191.
189
Calculate the remainder when 8995021 is divided by 4918.
4917
What is the remainder when 15820389 is divided by 2636727?
27
What is the remainder when 58515 is divided by 29032?
451
What is the remainder when 34716237 is divided by 26?
23
Calculate the remainder when 49500448 is divided by 8407.
32
Calculate the remainder when 1540137 is divided by 18334.
81
What is the remainder when 181788961 is divided by 3167?
3161
Calculate the remainder when 494318 is divided by 123542.
150
What is the remainder when 39094 is divided by 7701?
589
Calculate the remainder when 423103 is divided by 276.
271
Calculate the remainder when 11677 is divided by 10816.
861
What is the remainder when 24000 is divided by 385?
130
What is the remainder when 8065610 is divided by 2688156?
1142
Calculate the remainder when 573613 is divided by 1997.
474
Calculate the remainder when 37695 is divided by 9371.
211
What is the remainder when 8185689 is divided by 2395?
1974
What is the remainder when 1352952 is divided by 56373?
0
What is the remainder when 364284 is divided by 121388?
120
Calculate the remainder when 4160886 is divided by 1040200.
86
What is the remainder when 954992 is divided by 3930?
2
What is the remainder when 1822293 is divided by 14?
11
What is the remainder when 117337309 is divided by 10?
9
What is the remainder when 177009 is divided by 16055?
404
What is the remainder when 61242 is divided by 1909?
154
Calculate the remainder when 7178406 is divided by 109.
102
Calculate the remainder when 37466675 is divided by 46.
43
Calculate the remainder when 13434 is divided by 6685.
64
Calculate the remainder when 23908876 is divided by 42.
40
Calculate the remainder when 3864795 is divided by 45468.
15
What is the remainder when 9585432 is divided by 3943?
3942
What is the remainder when 32863 is divided by 493?
325
What is the remainder when 2067238 is divided by 345?
343
What is the remainder when 37415 is divided by 909?
146
What is the remainder when 1700647 is divided by 13767?
7306
What is the remainder when 2214354 is divided by 833?
240
What is the remainder when 3127596 is divided by 3127587?
9
Calculate the remainder when 2612365 is divided by 3144.
2845
What is the remainder when 2910459 is divided by 24053?
46
What is the remainder when 39026 is divided by 9087?
2678
Calculate the remainder when 42350 is divided by 9681.
3626
What is the remainder when 79014 is divided by 15654?
744
Calculate the remainder when 39753084 is divided by 33.
30
Calculate the remainder when 29189 is divided by 28467.
722
What is the remainder when 4542090 is divided by 1026?
1014
What is the remainder when 100196 is divided by 2051?
1748
What is the remainder when 53934768 is divided by 129?
126
Calculate the remainder when 1549026 is divided by 8511.
24
Calculate the remainder when 6172157 is divided by 40.
37
Calculate the remainder when 131379014 is divided by 13137901.
4
Calculate the remainder when 65893939 is divided by 586.
583
Calculate the remainder when 5923 is divided by 5229.
694
What is the remainder when 9068838 is divided by 3240?
78
Calculate the remainder when 1040912 is divided by 40035.
2
Calculate the remainder when 14620662 is divided by 1370.
22
Calculate the remainder when 29415496 is divided by 1841.
1839
Calculate the remainder when 84897 is divided by 27969.
990
Calculate the remainder when 121562153 is divided by 803.
801
What is the remainder when 470007261 is divided by 13?
9
What is the remainder when 1062913 is divided by 13122?
31
What is the remainder when 677935778 is divided by 1966?
1964
What is the remainder when 74844 is divided by 74689?
155
Calculate the remainder when 142504 is divided by 28466.
174
What is the remainder when 10657553 is divided by 1184170?
23
What is the remainder when 126759 is divided by 1687?
234
Calculate the remainder when 240828 is divided by 22.
16
Calculate the remainder when 4513788 is divided by 2256890.
8
What is the remainder when 364933 is divided by 15692?
4017
Calculate the remainder when 603914 is divided by 495.
14
Calculate the remainder when 9406592 is divided by 2874.
2864
Calculate the remainder when 266987 is divided by 261.
245
What is the remainder when 392090 is divided by 82?
48
Calculate the remainder when 154310 is divided by 24.
14
Calculate the remainder when 7549265 is divided by 563.
561
What is the remainder when 2578211 is divided by 92078?
27
What is the remainder when 120462 is divided by 60204?
54
What is the remainder when 68846103 is divided by 19?
2
Calculate the remainder when 88594 is divided by 6200.
1794
Calculate the remainder when 143375549 is divided by 1563.
1559
Calculate the remainder when 43657 is divided by 4763.
790
Calculate the remainder when 921275 is divided by 21424.
43
Calculate the remainder when 1671716 is divided by 25.
16
What is the remainder when 24365931 is divided by 96308?
7
What is the remainder when 191810 is divided by 143?
47
Calculate the remainder when 356186 is divided by 89046.
2
Calculate the remainder when 17542